. Suppose q*b - 41 = -3*a, -60 = -5*b - a + 5. What is the remainder when (41/2)/((-1)/(-2)) is divided by b?
13
Suppose i - 1 = 14. Suppose i*m - 11*m = 636. Calculate the remainder when m is divided by 40.
39
Let x be -141 - ((4 - 6) + 4). Let n = -77 - x. Calculate the remainder when n is divided by ((-46)/(-6))/(3/9).
20
Let p(u) = u**3 - 2*u**2 + 3*u - 3. Let y be p(2). Let s be 2*-4*y/(-4). Calculate the remainder when -1 - -1*s*1 is divided by 2.
1
What is the remainder when 7*4/28 + 120 is divided by 58?
5
Let x = -2 + 8. What is the remainder when (-2)/6 + 140/x is divided by ((-276)/253)/(3/(-33))?
11
Suppose 94 = 3*x - 176. Let r = 14 - 11. Suppose -3*l + x - 12 = -5*p, r*p = l - 30. What is the remainder when l is divided by 8?
5
Let b(s) = -s**3 + 11*s**2 - 3*s + 19. Let a be b(10). Suppose -4*w + 5*l = -48, -7*w + a = -2*w + l. Calculate the remainder when w is divided by 5.
2
Let w(o) = -o**2 - 9*o + 95. Calculate the remainder when 245 is divided by w(-14).
20
Let y be 255 + 4/(-12)*-15. Let x = y - 121. What is the remainder when x is divided by 20?
19
Let v be 40/7 + ((-23)/(-7) - 3). Let y(o) = -o**3 + 6*o**2 - 2*o + 14. What is the remainder when 0/(-2) + 2/1 is divided by y(v)?
0
Let j be (2 - -1*(-14)/4)*-180. Let a = j + -135. What is the remainder when a is divided by 34?
33
Suppose 184 + 88 = 17*d. Let k = 2 + -3. What is the remainder when -2 + (k - -3 - -29) is divided by d?
13
What is the remainder when 54 is divided by (-44)/3*(-4)/((-16)/(-3))?
10
Suppose -4*v - 2*v + 78 = 0. Calculate the remainder when 116 is divided by v.
12
Suppose 310 = 4*u - o, o - 5*o = -u + 85. Calculate the remainder when 223 is divided by u.
69
Let v(n) = -3*n - 35. Let j(i) = -2*i**3 + 3*i**2 + 3*i. Let t be j(3). What is the remainder when 36 is divided by v(t)?
17
Suppose 23*y - 13*y - 30 = 0. Suppose -y*o - 2*o + 195 = 0. Calculate the remainder when o is divided by 44/3 + (-4)/6.
11
Let q be (-6 - 224/(-36)) + 14/18. What is the remainder when (6/14 - q)*161/(-2) is divided by 16?
14
Suppose -3*j = -3, -9 = -3*t + j + 2. Suppose 0 = q - 10 - t. Suppose -h + 36 = 10. What is the remainder when h is divided by q?
12
Let s(m) = m**3 - 7*m**2 - 11*m + 15. Let p be s(7). Let n = -26 - p. What is the remainder when (-9)/n + (-25)/(-4) is divided by 2?
0
Let l(d) = -d - 5. Let k = -10 + 22. Calculate the remainder when k is divided by l(-7).
0
Calculate the remainder when 1522/14 + (20/(-14))/(-5) is divided by 51.
7
Let h = 59 - -3. Suppose 130 = q + 9*q. Calculate the remainder when h is divided by q.
10
What is the remainder when 39 is divided by (4 - 12/(-7))/(6/21)?
19
Suppose 2*u = 2*a + 4, -4*u + 3*a + 8 = 2. Let h(i) = i**2 + i - 8. Let b be h(u). Calculate the remainder when 42/2*b/(-6) is divided by 10.
8
Let g = -278 + 158. What is the remainder when 9 is divided by ((-2)/(-6))/((-10)/g)?
1
What is the remainder when 1 - (-54 + (-5 - (-3 + 1))) is divided by 13?
6
Suppose -3*w - m + 60 = 0, m = -5*w + 23 + 79. Let i(v) = -11*v - 382. What is the remainder when i(-40) is divided by w?
16
Let a(m) = 3*m**2 - 8*m + 4. Let d(n) = n**2 - 73*n - 301. Calculate the remainder when a(5) is divided by d(-4).
4
Let j = -5 - -14. What is the remainder when (2 - 56/(-6))/((-10)/(-15)) is divided by j?
8
Suppose 0 = -i + 2*i + x, 0 = -5*i + 3*x + 24. Suppose 0 = -3*n - n - 12, -89 = -2*v - i*n. What is the remainder when v is divided by 13?
10
What is the remainder when 79 is divided by 1*14 + 1 + -5?
9
Suppose 93 = 5*s + 608. Let l = -40 - s. What is the remainder when l is divided by 8?
7
Let g(c) = 79*c**2 - 104*c + 318. What is the remainder when g(3) is divided by 24?
21
Suppose -2*o - 3 = -7, 3*h - 46 = -5*o. Let t(y) = y**3 - 10*y**2 - 24*y + 11. Calculate the remainder when 30 is divided by t(h).
8
Suppose -14*k + 11*k = 264. Let b = k - -150. Calculate the remainder when b is divided by 32.
30
Let y(p) = -p**3 - 12*p**2 - 2*p - 9. Suppose -3*u - 42 + 6 = 0. Let c = -17 - -74. Calculate the remainder when c is divided by y(u).
12
Let h(a) = 5*a**2 + 6*a - 20. Calculate the remainder when h(5) is divided by 29.
19
Let v(g) = g**2 + 4*g + 3. Let n be v(-5). What is the remainder when 155/4 - (-2)/n is divided by 24 + (-22 - -1) + 18?
18
Suppose -f = 2*f - 6. Suppose 44 = 4*t - 2*t + 5*j, f*j + 30 = 2*t. Calculate the remainder when t is divided by 5.
2
Suppose -708 = -10*x + 2. Let r = 27 + -8. Calculate the remainder when x is divided by r.
14
Let y = 1213 - 1158. What is the remainder when 604 is divided by y?
54
Suppose 340*p = 342*p - 36. What is the remainder when 66 is divided by p?
12
Suppose -4*r - 62*x = -57*x - 204, 2*r = 3*x + 124. What is the remainder when 104 is divided by r?
48
Let g(a) = a**2 - 5*a - 3. Let b = -17 + 20. Suppose 2 = -d + b. Calculate the remainder when g(6) is divided by d.
0
Suppose 0 = -4*b - 218 + 30. Let g = b + 54. What is the remainder when 33 is divided by g?
5
Calculate the remainder when 27 is divided by (-164)/(-10) + (-238)/595.
11
Calculate the remainder when ((-16)/14)/(71/(-994)) is divided by 5.
1
Let k = -499 - -1156. Calculate the remainder when k is divided by 33.
30
Suppose -3*x + 4*l = -2*x - 6, 22 = -x - 3*l. Let a = x - -37. What is the remainder when a is divided by 15?
12
Let s(w) = -9*w**3 + 11*w + 4. Let a be s(-3). Suppose -9*g = -11*g + a. What is the remainder when g is divided by 27?
26
Let i = 9 - 2. Let h = -66 + 71. Suppose 4*x + 2*k - 12 + 2 = 0, i = 4*x + h*k. What is the remainder when x is divided by 1?
0
Suppose 5*z - 5*a = 555, -3*z - 4*a = z - 404. Let q = z + -60. What is the remainder when q is divided by 17?
12
Let x be 2 + (-3)/3 + 2. Let o = 57 + -46. Suppose -76 - o = -x*g. What is the remainder when g is divided by 15?
14
Let s = -184 + 235. What is the remainder when s is divided by 6?
3
Let j be ((-20)/2)/(5 + -2 - 2). Let b(q) = -q**3 - 11*q**2 - 13*q + 6. What is the remainder when 106 is divided by b(j)?
34
Let v = 273 + -155. Suppose 3*f - 53 - v = 0. What is the remainder when f is divided by 15?
12
Let p = 2 + 3. Let a = -2 + p. Let n = -229 - -230. Calculate the remainder when a is divided by n.
0
Suppose -686*b + 692*b = 420. Calculate the remainder when 209 is divided by b.
69
Calculate the remainder when 259 is divided by (-280)/(7 - 15) + (-1 - 1).
28
Suppose 3*h = -126 + 207. Calculate the remainder when 71 is divided by h.
17
Let l = 0 - -3. Suppose 0 = -k + 2*k + 4*y - 37, l*y = k - 23. Suppose -u = -k - 9. What is the remainder when u is divided by 13?
12
Let z = -1060 + 1225. What is the remainder when z is divided by 60?
45
Suppose 0 = -3*k + 2*w - 33, 0*k - 2*w = 4*k + 58. Let r(x) = -x**3 - 12*x**2 + 12*x + 19. Calculate the remainder when 94 is divided by r(k).
30
Suppose 128 = 2*z + 2*u, -4*z - 3*u + 128 = -2*z. What is the remainder when 125 is divided by z?
61
Suppose 0 = -c - 4*g - 8, -5*g = -c - 2*c + 61. Calculate the remainder when 41 is divided by c.
5
What is the remainder when 2/(7 - (-4071)/(-582)) is divided by 17?
14
Let i(h) = -3*h**3 - 6*h**2 - 11*h. What is the remainder when 86 is divided by i(-2)?
20
Let w = 1 - -8. Suppose 12*x - w*x = 18. Suppose -o = -2*g + 31, -28 = -2*g + 4*o + x. Calculate the remainder when 59 is divided by g.
14
Let b(t) = -t**3 + 12*t**2 - 12*t + 4. Calculate the remainder when b(10) is divided by 32.
20
Suppose -2*r + 2*h + 96 = 3*h, -5*r - 3*h = -240. Calculate the remainder when r is divided by (0/(-2) - -28) + (-16 - -13).
23
Let y(c) = 2*c**3 - 69*c**2 - 36*c + 53. What is the remainder when y(35) is divided by 17?
1
Suppose 0 = 2*k - 4*q - 26, 2*q - 49 = -5*k + 4*q. Calculate the remainder when ((-25)/(-2) + 0)*2 is divided by k.
7
Let r(f) = 31*f + 7. Let j be r(3). Suppose c - 60 = j. Suppose c = -q + 5*q. What is the remainder when q is divided by 14?
12
Let t = 13 - -60. What is the remainder when t is divided by 26?
21
Let l = 139 + -22. Suppose -27 = 5*v - l. Suppose -30*y + 12*y = -90. What is the remainder when v is divided by y?
3
Suppose -j + 3*n = -383, -j + 123 = 5*n - 284. Calculate the remainder when j is divided by 33.
29
Suppose 138 = 3*c + 5*g, -c + 13 = 5*g - 23. Calculate the remainder when 88 is divided by c.
37
Suppose 3*f = f + 4. Suppose -336 = -4*s - f*s. Sup